r of 40 and w?
8
Let h = -49 - -2. Suppose 0 = q - 19 + 44. Let j = q - h. What is the highest common factor of 88 and j?
22
Suppose 3*m - 3*i - 72 = 0, 0 = -4*m + 3*i - 5*i + 96. What is the greatest common divisor of 384 and m?
24
Suppose -5*y = -58 - 52. Suppose 0 = -5*k + v + 66, -3*k + 4*v + v + y = 0. Let c = 54 - 33. What is the highest common divisor of c and k?
7
Let o(b) = -11*b + 58. Let i(k) = 13*k - 57. Let d(q) = 5*i(q) + 6*o(q). Let y be d(14). Calculate the greatest common divisor of 49 and y.
49
Let n(d) = 12*d**3 + 5*d**2 - 2*d - 3. Let z be n(3). Let x = 1232 - 1192. What is the highest common divisor of z and x?
40
Let q = -17 + 20. Suppose -9 = -2*v + q. What is the highest common factor of 66 and v?
6
Let y = -65 + 105. What is the highest common factor of y and 170?
10
Suppose 544 + 336 = 5*q. Suppose -q - 166 = -2*g. Suppose -d - 3*v = -13, -25 = -4*d - v + 49. What is the highest common divisor of g and d?
19
Let j(n) = n + 67. Let r be j(-17). Let g be -2 - (7*-18 - 1). What is the highest common factor of g and r?
25
Suppose 5*y - 33 = 7. Let t be y + 2*9/(-6). Suppose -t*q - 46 = -146. Calculate the greatest common factor of q and 160.
20
Let h = -263 + 264. What is the highest common divisor of h and 63?
1
Suppose 95 = i + 3*j - 72, -3*i + 556 = -2*j. What is the highest common factor of i and 78?
26
Let p = 63 + -127. Let z = 92 + p. Let k = z - 18. What is the highest common factor of 15 and k?
5
Suppose -11 = -5*f - 6. Suppose 0 = 2*w + b + 35, -24 - 1 = -5*b. Let a be f*(-1 - -3 - w). Calculate the highest common factor of a and 44.
22
Let y = -48 - -102. Calculate the highest common divisor of y and 594.
54
Let o be 19 - (20/(-5) + 1). Suppose -s + 3*s + 884 = 5*h, 5*h + s - 878 = 0. What is the highest common factor of o and h?
22
Suppose -6*y + 18 = -0*y. Let a be ((-1)/y)/(4/(-96)). Let g = 134 - 94. What is the greatest common divisor of g and a?
8
Let p be 7/(-14)*(1 + -1). Let d be 9*16 - (p - -2). Let k = 241 - d. Calculate the highest common factor of k and 9.
9
Suppose t + 1 = 5. Let b be (t/(-10))/(10/(-500)). What is the highest common factor of b and 8?
4
Let q = 299 - 241. Calculate the highest common divisor of 145 and q.
29
Suppose 0 = -l - l + 10, -2*z + 5*l + 199 = 0. Let x = -237 - -251. What is the greatest common divisor of z and x?
14
Let b(z) = z**3 + 7*z**2 + 3*z - 13. Let l be b(-6). Suppose -5*t + 2*o = 3*o - 50, l*t + 3*o - 60 = 0. Calculate the highest common factor of t and 63.
9
Let w = 8 - 8. Suppose 5*u + 0*d + 5*d - 30 = w, -2*u = -d. Let h be u - -85 - (0 + 2). What is the highest common divisor of 34 and h?
17
Let v be (-15)/(-1) - (-92)/23. Calculate the greatest common divisor of 57 and v.
19
Let a be 0 + (-6)/(-18) - 190/(-6). What is the greatest common factor of a and 224?
32
Let t(q) = 20*q**2 + 8*q + 9. Let f be t(-1). Calculate the greatest common factor of 1491 and f.
21
Let i(a) = a + 21. Let k be i(-18). Suppose -n + 15 = 5*w, k*n + 3*w - 1 = 20. What is the highest common divisor of n and 55?
5
Let s(f) = 7*f - 47. Let h(c) = -4*c + 24. Let y(r) = -11*h(r) - 6*s(r). Let v be y(-4). What is the greatest common factor of 10 and v?
10
Let h(m) be the third derivative of m**4/6 - 13*m**3/6 + 8*m**2. Let i be h(12). Let b be (72/(-42))/((-2)/i). What is the highest common divisor of 330 and b?
30
Let l = -15 - -8. Let b = 12 + l. Let c(f) = 3*f**2 - 2*f - 1. Let h be c(b). Calculate the greatest common factor of 8 and h.
8
Let l = -571 - -607. Calculate the greatest common factor of l and 236.
4
Suppose 37*a + 28*a = 30160. What is the greatest common factor of 87 and a?
29
Let f = 21 + -20. Let h = -57 + 96. Let y = -28 + h. What is the highest common factor of f and y?
1
Let a = 97 + 57. Suppose 92*r - 634 = 102. Suppose -n - a = -r*n. What is the highest common divisor of n and 88?
22
Suppose -4 = -2*b + 2*k, 3*k + 4 = -3*b + 8*k. Calculate the greatest common factor of 623 and b.
7
Suppose -1 = j - 3. Let p = -7 + 16. Suppose 4*z = -2*b, 5*b - p - 18 = -z. Calculate the highest common factor of j and b.
2
Suppose 0 = 2*z - 3*z + 6. Let i be (414/27)/(4/z). Let v = -66 + 273. Calculate the highest common factor of v and i.
23
Let f be ((-8008)/39 - -12)*(-6)/5. Calculate the highest common divisor of 8 and f.
8
Let m = 172 + -26. Let o = -96 + m. What is the greatest common divisor of o and 20?
10
Suppose 0 = 3*r - 2*r + 3*m - 10, 3*r = 5*m - 40. Let x(g) = 2*g**2 + 4*g + 14. Let o be x(r). Calculate the highest common factor of o and 4.
4
Suppose -63 = -4*s + 321. What is the greatest common divisor of 864 and s?
96
Let t(s) = 3*s - 19. Let r be t(8). Suppose r*p - 31 = 409. Let b be 1/(-1) - (-12)/1. Calculate the highest common factor of p and b.
11
Suppose -325 = -5*l + 90. Let u be 4/8 + l/2. Calculate the greatest common factor of 63 and u.
21
Let v be (-2 - -2)/(1 - -1). Suppose -5*j = -3*z - 4, v = 3*z + 5*j - 23 + 7. Let a = -7 - -10. What is the highest common divisor of z and a?
1
Let h(i) = -26*i**3 + i**2 - i - 2. Let f be 6/(-18)*(-49 - 2). Let r be (-18 + f)/((-2)/(-2)). Let u be h(r). What is the greatest common divisor of 182 and u?
26
Suppose 0 = -0*f + 4*f - 204. Let h = f + -22. Let g = h + -22. Calculate the highest common factor of g and 1.
1
Suppose -1153 - 198 = -3*b + q, -4*b = 3*q - 1797. Suppose 15*g - 10*g = b. Calculate the greatest common factor of g and 30.
30
Let d(c) = 213*c + 69. Let t be d(1). What is the highest common factor of t and 24?
6
Let y(s) = -4 + 13 + 3 - 5*s - s. Let p be y(-5). What is the greatest common divisor of p and 21?
21
Let b = 399 + -199. Let v(z) = 78*z**3 + 5*z**2 + 7*z - 10. Let q be v(1). Calculate the highest common divisor of q and b.
40
Let n = -43 - -59. Let l = n + -10. What is the greatest common factor of 18 and l?
6
Suppose 203 = 2*l + 5*a, -5*l - 2*a + 649 = 152. What is the greatest common divisor of 3 and l?
3
Let l = -576 + 851. Calculate the greatest common divisor of l and 22.
11
Let r = 869 - 845. Calculate the greatest common factor of r and 552.
24
Let b(n) = 66*n + 687. Let r be b(-10). Let p = 257 - 149. Calculate the highest common divisor of p and r.
27
Suppose -62*t = -59*t - 30. Suppose -15*w + 300 = -t*w. What is the highest common divisor of 24 and w?
12
Let d(l) = 24*l + 15. Let z be d(-6). Let w be 7/(-28) + z/(-4). What is the greatest common divisor of 8 and w?
8
Let f be 8 + (-6)/(-9)*6. Let g = f + -18. Let c be 72*1/g*-3. What is the greatest common divisor of c and 4?
4
Let r(b) be the second derivative of -b**3/3 - 3*b**2 + 9*b. Let z be r(-13). Calculate the greatest common divisor of z and 140.
20
Let s be (-8)/(-6)*(-495)/(-4). Calculate the greatest common divisor of 60 and s.
15
Suppose -3*v = -8*v + 100. Suppose 3*x + 635 = 4*a + 4*x, -3*a - 3*x = -465. Calculate the greatest common divisor of v and a.
20
Let t = -547 + 580. What is the highest common factor of t and 297?
33
Suppose 3*y = y - 64. Let b be (1*y/(-6))/(40/60). What is the greatest common divisor of 8 and b?
8
Let q be -3*-1*(39 - 2). Suppose 2*n - 2*r = 156, n - 2*r + 288 = 5*n. What is the greatest common factor of n and q?
37
Let i(w) = w**3 + 8*w**2 + 10*w - 1. Let m be i(-5). What is the highest common factor of 72 and m?
24
Let u = 176 + -169. Calculate the highest common factor of u and 924.
7
Let v = 14 - 28. Let x(l) = -l**3 - 15*l**2 - 15*l - 5. Let j be x(v). What is the greatest common divisor of j and 36?
9
Let z = -293 - -418. Let x(u) = -u**3 - 4*u**2 - 4*u + 5. Let y be x(-5). Calculate the greatest common factor of y and z.
25
Let y be 1/((-1)/(-7) + 0). Suppose -2*p + 33 = 5*f - 4*p, -2*f - p = -15. What is the highest common divisor of f and y?
7
Let d = 102 + -92. Suppose -12*y = -d*y - 72. What is the greatest common factor of y and 108?
36
Let d = 1 - -3. Let n = d + -3. What is the greatest common factor of n and 1?
1
Suppose -2*v + 7 = -h, 3*v + 3 = 6*v - 4*h. Suppose v*k + 8 = k. Let c be k/1*(-108)/8. What is the highest common divisor of 18 and c?
9
Let v be ((-1)/(-5))/((-19)/38) - 304/(-10). Suppose u + 0*u + 45 = q, -195 = -5*q - u. Calculate the highest common factor of v and q.
10
Let p(i) = 46*i**3 - 2*i**2 + 4*i - 3. Let g be p(1). What is the highest common diviso